 {"id":708,"date":"2022-06-20T08:36:01","date_gmt":"2022-06-20T08:36:01","guid":{"rendered":"https:\/\/scienzaalimentazione.uniroma2.it\/?page_id=708"},"modified":"2023-07-25T14:03:01","modified_gmt":"2023-07-25T14:03:01","slug":"convenzioni","status":"publish","type":"page","link":"https:\/\/scienzaalimentazione.uniroma2.it\/?page_id=708","title":{"rendered":"Convenzioni"},"content":{"rendered":"\n<p>&#8211; <strong>Protocollo d&#8217;intesa tra l&#8217;Universit\u00e0 degli Studi di Roma &#8220;Tor Vergata&#8221; e l&#8217;Istituto zooprofilattico di Lazio e Toscana M. Aleandri per il funzionamento della Scuola di Specializzazione in Scienza dell&#8217;Alimentazione <\/strong>&#8211; <strong>indirizzo non medico<\/strong><br>Decorrenza: A.A. 2021\/2022 (anno riferimento 2020\/2021), ai sensi del D.l. n. 716 del 16 settembre 2016 come struttura complementare per lo svolgimento di attivit\u00e0 di servizi &#8211; [laboratori, altre attivit\u00e0]<\/p>\n\n\n\n<p>&#8211; <strong>Protocollo d&#8217;intesa tra l&#8217;Universit\u00e0 degli Studi di Roma &#8220;Tor Vergata&#8221; e l&#8217;Azienza Ospedaliera San Giovanni Addolorata per il funzionamento della Scuola di Specializzazione in Scienza dell&#8217;Alimentazione<\/strong> &#8211;<strong> indirizzo medico<\/strong><br>Decorrenza: A.A. 2021\/2022 (anno riferimento 2020\/2021), ai sensi dell\u2019allegato 1 del DI n. 402 del 13 giugno 2017, come struttura collegata alla Scuola di specializzazione della stessa specialit\u00e0 della struttura di sede)<\/p>\n\n\n\n<p>&#8211; <strong>Protocollo d&#8217;intesa tra l&#8217;Universit\u00e0 degli Studi di Roma &#8220;Tor Vergata&#8221; e Asl Roma 2 \u2013 presidio CTO\/SEU per il funzionamento della Scuola di Specializzazione in Scienza dell&#8217;Alimentazione<\/strong> &#8211;<strong> indirizzo medico<\/strong><br>Ai sensi dell\u2019allegato 1 del DI n. 402 del 13 giugno 2017, come struttura complementare per attivit\u00e0 assistenziale di specialit\u00e0 diversa della struttura di sede per lo svolgimento di attivit\u00e0 assistenziale)<\/p>\n\n\n\n<p>&#8211; <strong>Protocollo d&#8217;intesa tra l&#8217;Universit\u00e0 degli Studi di Roma &#8220;Tor Vergata&#8221; e UNAPROL &#8211; Consorzio olivicolo italiano per il funzionamento della Scuola di Specializzazione in Scienza dell&#8217;Alimentazione <\/strong>&#8211; <strong>indirizzo non medico<\/strong><br>Ai sensi del D.l. n. 716 del 16 settembre 2016 come struttura complementare per lo svolgimento di attivit\u00e0 di servizi &#8211; [laboratori, altre attivit\u00e0]<\/p>\n\n\n\n<p><strong>Protocollo d&#8217;intesa tra l&#8217;Universit\u00e0 degli Studi di Roma &#8220;Tor Vergata&#8221; e B-Woman &#8211; Psicologia, nutrizione e benessere Srl per il funzionamento della Scuola di Specializzazione in Scienza dell&#8217;Alimentazione <\/strong>&#8211; <strong>indirizzo non medico<\/strong><br>Ai sensi del D.l. n. 716 del 16 settembre 2016 come struttura complementare per lo svolgimento di attivit\u00e0 di servizi &#8211; [laboratori, altre attivit\u00e0]<\/p>\n\n\n\n<p><strong>Protocollo d&#8217;intesa tra l&#8217;Universit\u00e0 degli Studi di Roma &#8220;Tor Vergata&#8221; e Centro Psicoanalitico di Roma per il funzionamento della Scuola di Specializzazione in Scienza dell&#8217;Alimentazione <\/strong>&#8211; <strong>indirizzo non medico<\/strong><br>Ai sensi del D.l. n. 716 del 16 settembre 2016 come struttura complementare per lo svolgimento di attivit\u00e0 di servizi &#8211; [laboratori, altre attivit\u00e0]<\/p>\n\n\n\n<p><strong>Protocollo d&#8217;intesa tra l&#8217;Universit\u00e0 degli Studi di Roma &#8220;Tor Vergata&#8221; e Ospedale P. Pederzoli Spa per il funzionamento della Scuola di Specializzazione in Scienza dell&#8217;Alimentazione <\/strong>&#8211; <strong>indirizzo non medico<\/strong><br>Ai sensi del D.l. n. 716 del 16 settembre 2016 come struttura complementare per lo svolgimento di attivit\u00e0 di servizi &#8211; [laboratori, altre attivit\u00e0]<\/p>\n","protected":false},"excerpt":{"rendered":"<p>&#8211; Protocollo d&#8217;intesa tra l&#8217;Universit\u00e0 degli Studi di Roma &#8220;Tor Vergata&#8221; e l&#8217;Istituto zooprofilattico di Lazio e Toscana M. Aleandri per il funzionamento della Scuola di Specializzazione in Scienza dell&#8217;Alimentazione &#8211; indirizzo non medicoDecorrenza: A.A. 2021\/2022 (anno riferimento 2020\/2021), ai<\/p>\n","protected":false},"author":1,"featured_media":0,"parent":0,"menu_order":0,"comment_status":"closed","ping_status":"closed","template":"","meta":{"footnotes":""},"class_list":["post-708","page","type-page","status-publish","hentry"],"_links":{"self":[{"href":"https:\/\/scienzaalimentazione.uniroma2.it\/index.php?rest_route=\/wp\/v2\/pages\/708","targetHints":{"allow":["GET"]}}],"collection":[{"href":"https:\/\/scienzaalimentazione.uniroma2.it\/index.php?rest_route=\/wp\/v2\/pages"}],"about":[{"href":"https:\/\/scienzaalimentazione.uniroma2.it\/index.php?rest_route=\/wp\/v2\/types\/page"}],"author":[{"embeddable":true,"href":"https:\/\/scienzaalimentazione.uniroma2.it\/index.php?rest_route=\/wp\/v2\/users\/1"}],"replies":[{"embeddable":true,"href":"https:\/\/scienzaalimentazione.uniroma2.it\/index.php?rest_route=%2Fwp%2Fv2%2Fcomments&post=708"}],"version-history":[{"count":8,"href":"https:\/\/scienzaalimentazione.uniroma2.it\/index.php?rest_route=\/wp\/v2\/pages\/708\/revisions"}],"predecessor-version":[{"id":1054,"href":"https:\/\/scienzaalimentazione.uniroma2.it\/index.php?rest_route=\/wp\/v2\/pages\/708\/revisions\/1054"}],"wp:attachment":[{"href":"https:\/\/scienzaalimentazione.uniroma2.it\/index.php?rest_route=%2Fwp%2Fv2%2Fmedia&parent=708"}],"curies":[{"name":"wp","href":"https:\/\/api.w.org\/{rel}","templated":true}]}}