 {"id":494,"date":"2022-01-19T15:02:55","date_gmt":"2022-01-19T15:02:55","guid":{"rendered":"https:\/\/scienzaalimentazione.uniroma2.it\/?page_id=494"},"modified":"2026-02-18T09:42:31","modified_gmt":"2026-02-18T09:42:31","slug":"diagnosi-e-trattamento-disturbi-comportamento-alimentare","status":"publish","type":"page","link":"https:\/\/scienzaalimentazione.uniroma2.it\/?page_id=494","title":{"rendered":"Master II Livello in Diagnosi e trattamento dei disturbi della nutrizione e dell\u2019alimentazione (DNA) e del peso &#8211; A.A. 2025\/2026"},"content":{"rendered":"\n<p>VI Edizione del Master Universitario di II livello in Diagnosi e Trattamento dei disturbi della nutrizione e dell&#8217;alimentazione (DNA) e del peso A.A. 2025\/2026<br>Per i futuri iscritti: siete pregati di non tenere conto del calendario presente in questa pagina perch\u00e8 riguarda l&#8217;A.A. ancora in corso 2024\/2025 [<a href=\"http:\/\/scienzaalimentazione.uniroma2.it\/wp-content\/uploads\/2026\/02\/Calendario-DNA-AA_2024-2025-_vers-12_02_26.pdf\">Scarica Calendario Lezioni Master DNA A.A. 2024\/2025<\/a><a href=\"http:\/\/scienzaalimentazione.uniroma2.it\/wp-content\/uploads\/2025\/02\/Calendario-DNA-AA_2023-2024-vers.-6_02_2025.pdf\"><\/a>e <a href=\"http:\/\/scienzaalimentazione.uniroma2.it\/wp-content\/uploads\/2025\/08\/foglio-presenze-studenti-Master-DNA_AA_2024_2025.pdf\">Foglio Presenze studenti Master<\/a>]<br>Durata 1 anno \u2013 60 CFU [<a href=\"http:\/\/scienzaalimentazione.uniroma2.it\/wp-content\/uploads\/2024\/12\/locandina-Master-DNA_2025_.pdf\">Scarica Locandina Master<\/a>]<\/p>\n\n\n\n<p><strong>Coordinatore:<br><\/strong>Prof.ssa Laura Di Renzo<br>tel.:&nbsp;<a href=\"tel:+390672596654\">+39 06 7259 6855<\/a><br>e-mail:&nbsp;<a href=\"mailto:paola.sinibaldi@uniroma2.it\"><\/a><a href=\"mailto:laura.di.renzo@uniroma2.it\">laura.di.renzo@uniroma2.it<\/a><\/p>\n\n\n\n<p>SCADENZA DOMANDE AMMISSIONE:&nbsp;<strong>15\/03\/2026<\/strong><br>SCADENZA DOMANDE IMMATRICOLAZIONE:&nbsp;<strong>19\/04\/2026<\/strong><br>INIZIO LEZIONI:&nbsp;<strong>24\/04\/2026<\/strong><\/p>\n\n\n\n<p>COSTO MASTER: <strong>3.500,00 \u20ac<\/strong> (dettagli rate presenti nella tabella allegata al bando in fondo alla pagina)<\/p>\n\n\n\n<p><strong>Istituzione<\/strong><br>\u00c8 istituito, presso la Facolt\u00e0 di Medicina e Chirurgia dell\u2019Universit\u00e0 degli Studi di Roma \u201cTor Vergata\u201d, il Master universitario di II livello in \u201cDiagnosi e trattamento dei disturbi della nutrizione e dell&#8217;alimentazione (DNA) e del peso &#8211; Diagnosis and treatment of Nutrition and eating disorders and body weight.<br>Il master \u00e8 tenuto in lingua italiana.<br>Le lezioni del master sono erogate in presenza e in parte erogate in videoconferenza su Piattaforma Teams: le lezioni su Piattaforma Teams si terranno 1 volta a settimana (il sabato) dalle ore 9:00 alle ore 18:00 mediamente 2-3 volte al mese; le giornate di lezione in presenza (circa 8-9 giornate totali durante tutto l&#8217;anno svolte il&nbsp;venerdi e il sabato) verranno effettuate da alcuni docenti che, per il tipo di attivit\u00e0 svolta (esercitazioni, laboratori, simulazioni, <a href=\"https:\/\/scienzaalimentazione.uniroma2.it\/?page_id=1112\">Master Class in Cucina<\/a>, formazione di gruppi ecc) verranno svolte solo in presenza.<br>Il Master prevede un tirocinio presso la sezione di Scienza&nbsp;dell\u2019Alimentazione, della Nutrizione Clinica&nbsp;e del Farmaco dell&#8217;Universit\u00e0 degli Studi di Roma Tor Vergata e presso gli ambulatori di Nutrizione Clinica dell&#8217;AOU Policlinico To Vergata, in particolare l&#8217;ambulatorio dei DNA.<br>Come attivit\u00e0 pratiche extra sono previsti anche incontri di psicoterapia di gruppo con pazienti e genitori, basati su Psicoterapia Corporea Ri-Percettiva Cognitivo per il gruppo di pazienti e intervento psicoeducazionale per il gruppo di genitori<\/p>\n\n\n\n<p><strong>Finalit\u00e0<\/strong><br>Le linee guida internazionali (NICE e APA) per la cura e la riabilitazione in campo DCA indicano, nel trattamento integrato e multidisciplinare, il fattore principale di successo del percorso terapeutico, evidenza emersa anche nel Rapporto ISTISAN della Conferenza di Consensus dell\u2019Istituto Superiore di Sanit\u00e0 del 2012-2013 e nei successivi documenti del Ministero della Salute (Linee di indirizzo sulla riabilitazione nutrizionale nei DCA 2018). Il Master intende restituire la coralit\u00e0 delle discipline che concorrono alla diversit\u00e0 degli interventi terapeutici con un approccio a 360 gradi.<br>Lo scopo \u00e8 quello di permettere l&#8217;acquisizione delle pi\u00f9 recenti informazioni scientifiche nell\u2019ambito diagnostico e terapeutico e di conoscere le pi\u00f9 accreditate procedure terapeutiche, al fine di preparare professionisti capaci di implementare risposte assistenziali che non corrispondano a percorsi settoriali di cura ma ad un modello multidimensionale ed integrato.<br>In tal senso, saranno presentate tutte quelle teorie e delineati tutti quei procedimenti, necessari alla comprensione della patologia e alle modalit\u00e0 d\u2019intervento assistenziale nelle differenti fasi del trattamento clinico, supportate dalle pi\u00f9 autorevoli evidenze scientifiche internazionali (Linee guida) e nazionali (in particolare al Rapporto ISTISAN della Conferenza di Consensus dell\u2019Istituto Superiore di Sanit\u00e0 del 2012 e i Quaderni del Ministero in ambito dei DCA).<br>Il Master fornisce la formazione professionale necessaria a una figura competente e specializzata, relativamente all\u2019area professionale di appartenenza, nei processi di cura e riabilitazione dei Disturbi dell\u2019alimentazione.<br>Il programma abbraccia l&#8217;insieme delle discipline che concorrono alla diversit\u00e0 degli interventi terapeutici (raggruppati in due macroaree: psicologica, nutrizionale).<br>La finalit\u00e0 del Master \u00e8 di qualificare e formare esperti atti alla osservazione, rilevazione e riabilitazione in campo DCA attraverso l\u2019utilizzazione di metodologie multidisciplinari volte alla:<br>\u2013 acquisizione di competenze generali e specifiche per ambito professionale;<br>\u2013 acquisizione di strumenti e abilit\u00e0 personali e interpersonali per il lavoro integrato in equipe nei vari livelli di assistenza ai DCA: Ambulatorio, Riabilitazione Residenziale, Ospedale<br>\u2013 acquisizione di competenze finalizzate all\u2019impostazione del lavoro di ricerca scientifica attraverso l\u2019EBM in ambito DCA.<\/p>\n\n\n\n<p><strong>Requisiti di ammissione<\/strong><br>Per l\u2019accesso al Master \u00e8 richiesto il possesso di Laurea specialistica o magistrale o del vecchio ordinamento nelle seguenti discipline: Medicina e Chirurgia (46\/S e LM-41),Farmacia e Farmacia industriale (LM-13 e 14\/S), Biologia (LM06), Scienza della Nutrizione (LM61), Psicologia (LM 51), Scienze cognitive (LM55), Scienze Pedagogiche (LM85), Dietistica (LM\/SNT3 o LM\/61), Servizio sociale e politiche sociali (LM87), Professioni sanitarie infermieristiche (L\/SNT1)<br>La valutazione dei titoli conseguiti all\u2019 estero e della loro equipollenza, al solo fine dell\u2019ammissione al master, \u00e8 demandata alla Giunta della Facolt\u00e0 di Medicina e Chirurgia, su proposta del Collegio dei docenti.<br>I candidati dovranno avere una buona conoscenza della lingua inglese ed avere una buona padronanza dei principali software per PC.<br>Sono ammessi uditori alla frequenza dei singoli insegnamenti.<br><strong>E\u2019 ammessa la frequenza di singoli insegnamenti.<\/strong><\/p>\n\n\n\n<p><strong>Per le informazioni didattiche gli interessati potranno rivolgersi ai seguenti contatti:<\/strong><br>Tel. 06.7259.6852 email: scuola@scienzaalimentazione.uniroma2.it<\/p>\n\n\n\n<p><strong>Per tutte le informazioni di carattere amministrativo<\/strong> (procedure on-line di ammissione e iscrizione, rilascio certificazioni e pergamene, orari di ricevimento al pubblico, risposte alle domande pi\u00f9 frequenti, ecc.) <strong>consultare la pagina web:<\/strong><br><a href=\"http:\/\/web.uniroma2.it\/module\/name\/Content\/newlang\/italiano\/navpath\/SEG\/section_parent\/5996\">http:\/\/web.uniroma2.it\/module\/name\/Content\/newlang\/italiano\/navpath\/SEG\/section_parent\/5996<\/a><\/p>\n\n\n\n<p class=\"has-text-align-center\"><strong>IL BANDO PER L\u2019 AA 2024\/25 CON LE ISTRUZIONI PER PRESENTARE DOMANDA DI AMMISSIONE AL MASTER <strong>&nbsp;E LA RELATIVA TABELLA ALLEGATA SONO SCARICABILI QUI<\/strong><\/strong><br><a href=\"http:\/\/scienzaalimentazione.uniroma2.it\/wp-content\/uploads\/2025\/10\/Bando-master-e-corsi-di-perfezionamento-a.a.-2025-2026.pdf\">BANDO_MASTER_E_CdP_aa25_26 <\/a><br><a href=\"http:\/\/scienzaalimentazione.uniroma2.it\/wp-content\/uploads\/2025\/10\/Allegato-al-bando-Master-e-Corsi-di-perfezionamento-a.a.-2025-2026.pdf\">TABELLA ALLEGATA AL BANDO<\/a><\/p>\n\n\n\n<p class=\"has-text-align-center\"><strong>LO STATUTO DEL MASTER CON RELATIVO PIANO DIDATTICO E&#8217; SCARICABILE QUI<\/strong><br><a href=\"http:\/\/scienzaalimentazione.uniroma2.it\/wp-content\/uploads\/2026\/02\/DIAGNOSI-E-TRATT.DISTURBI-NUTRI.-E-ALIM.mod_.25-26.pdf\">Statuto Master DIAGN.E-TRATT.DIST.COMP.ALIM<\/a><\/p>\n\n\n\n<p class=\"has-text-align-center\"><strong>L&#8217;ELENCO<\/strong> <strong>DEGLI INSEGNAMENTI<\/strong> <strong>CON BREVE INDICAZIONE DEL PROGRAMMA DIDATTICO E&#8217;<\/strong> <strong>SCARICABILE QUI <\/strong>\n<br>\n<a href=\"http:\/\/scienzaalimentazione.uniroma2.it\/wp-content\/uploads\/2022\/01\/Piano-Didattico-Master-DCA_sintesi.pdf\">Piano-Didattico-Master-DCA_sintesi<\/a>\n<\/p>\n\n\n\n<p><\/p>\n","protected":false},"excerpt":{"rendered":"<p>VI Edizione del Master Universitario di II livello in Diagnosi e Trattamento dei disturbi della nutrizione e dell&#8217;alimentazione (DNA) e del peso A.A. 2025\/2026Per i futuri iscritti: siete pregati di non tenere conto del calendario presente in questa pagina perch\u00e8<\/p>\n","protected":false},"author":1,"featured_media":0,"parent":0,"menu_order":0,"comment_status":"closed","ping_status":"closed","template":"","meta":{"footnotes":""},"class_list":["post-494","page","type-page","status-publish","hentry"],"_links":{"self":[{"href":"https:\/\/scienzaalimentazione.uniroma2.it\/index.php?rest_route=\/wp\/v2\/pages\/494","targetHints":{"allow":["GET"]}}],"collection":[{"href":"https:\/\/scienzaalimentazione.uniroma2.it\/index.php?rest_route=\/wp\/v2\/pages"}],"about":[{"href":"https:\/\/scienzaalimentazione.uniroma2.it\/index.php?rest_route=\/wp\/v2\/types\/page"}],"author":[{"embeddable":true,"href":"https:\/\/scienzaalimentazione.uniroma2.it\/index.php?rest_route=\/wp\/v2\/users\/1"}],"replies":[{"embeddable":true,"href":"https:\/\/scienzaalimentazione.uniroma2.it\/index.php?rest_route=%2Fwp%2Fv2%2Fcomments&post=494"}],"version-history":[{"count":100,"href":"https:\/\/scienzaalimentazione.uniroma2.it\/index.php?rest_route=\/wp\/v2\/pages\/494\/revisions"}],"predecessor-version":[{"id":1561,"href":"https:\/\/scienzaalimentazione.uniroma2.it\/index.php?rest_route=\/wp\/v2\/pages\/494\/revisions\/1561"}],"wp:attachment":[{"href":"https:\/\/scienzaalimentazione.uniroma2.it\/index.php?rest_route=%2Fwp%2Fv2%2Fmedia&parent=494"}],"curies":[{"name":"wp","href":"https:\/\/api.w.org\/{rel}","templated":true}]}}